 i + 11. What are the prime factors of i?
3
Suppose 0 = -9*k + 4785 - 510. List the prime factors of k.
5, 19
Suppose 3*d - o = 2*o + 14421, 4*d = -o + 19203. What are the prime factors of d?
2, 7
Suppose 20 = -4*p - p, 2*p = -4*s + 12. Suppose s*f = 3*f - 10. Let c(j) = j**2 + 4*j + 5. List the prime factors of c(f).
2, 5
Let x(q) = q**2 + q - 6. Let j(l) = 3*l**2 + 5*l + 7. Let f be j(-2). What are the prime factors of x(f)?
2, 3, 7
Let w(a) = 3*a**2 - 20*a - 45. Let i(t) = t**2 - 7*t - 15. Let c(y) = -8*i(y) + 3*w(y). What are the prime factors of c(7)?
2, 3
Suppose 8*l - 3*l + 114 = 2*w, -4*l - 251 = -5*w. Let x = -28 + w. What are the prime factors of x?
19
Let p(x) = -20*x - 171. What are the prime factors of p(-15)?
3, 43
Let b be ((-4)/4)/(2/24). Let g = b - -20. What are the prime factors of g?
2
Suppose 0 = 5*h + 2*s - 89, -5*h + 19 + 64 = -s. Suppose 5*x + h = 42. List the prime factors of x.
5
Let n = 698 + -184. List the prime factors of n.
2, 257
Suppose 6*f - 2694 + 594 = 0. Suppose -34 = -5*d + 6. Suppose d*i = i + f. List the prime factors of i.
2, 5
Let s = -32 - -238. What are the prime factors of s?
2, 103
Let y(j) = 10*j**2 - 15*j + 4. What are the prime factors of y(-5)?
7, 47
Let p = 40 + -75. Suppose i + 12 = 4*c, -i = -0*i + 5*c - 15. Let m = i - p. What are the prime factors of m?
5, 7
Let s be ((-16)/(-6) + -2)*6. Suppose 0 = -0*c - s*c. Suppose -112 = -5*i + 2*l, c = 2*i - 5*i - 2*l + 64. What are the prime factors of i?
2, 11
Let d(c) = -2*c**3 + 14*c**2 + 2*c + 19. What are the prime factors of d(7)?
3, 11
Let s(z) = -14*z + 162. What are the prime factors of s(-13)?
2, 43
Let v = 4 + 1. Suppose -103 - 37 = -v*g. Suppose 0*n = 2*n + 5*x - 116, -n = -5*x - g. List the prime factors of n.
2, 3
Let j be (1/(-2))/(0 - (-2)/(-8)). Suppose 4*a - 112 = -4*l, 0 = a - j*a + 2*l + 19. List the prime factors of a.
5
Suppose -4*b + 11120 = 4*x, -186*x - 11119 = -190*x - 5*b. What are the prime factors of x?
3, 103
Let w be ((-18)/(-21))/3 + 30230/35. Suppose -9*v + 5*v = -w. List the prime factors of v.
2, 3
Suppose -4*h + 3*h + 80 = c, 0 = 3*h - c - 236. Suppose -630 = -84*k + h*k. List the prime factors of k.
2, 3, 7
Suppose j = -k, -3*k = -j + 11 + 5. Let s be ((-11)/k)/(6/120). Suppose -86 = -2*h - 2*d, 5*d - s = -h + d. List the prime factors of h.
3, 13
Let w(i) = -2*i - 14. Suppose 11 = -2*x - 3. Let k be w(x). Suppose k = -2*p + 76 + 8. List the prime factors of p.
2, 3, 7
Let k be 10/4*(2 + 2). Suppose -2 = 3*r + k. List the prime factors of (-5)/(-2) + 2/r.
2
Let i be 35/(-28) + 2/8. Let a be (i - 0 - 0)*-16. Suppose -4*z - a = 0, 3*d + 5*z - 48 = -11. What are the prime factors of d?
19
Suppose 0 = 409*o - 406*o - 912. List the prime factors of o.
2, 19
Let d = -3 + 0. Let j be 1/d - (-100)/(-15). Let w(i) = -i**2 - 10*i - 5. List the prime factors of w(j).
2
Let p(d) = 2*d**2 - 8*d - 10. Let j = -106 - -96. List the prime factors of p(j).
2, 3, 5
Suppose -5*w = 3*u - w - 1547, 520 = u - 3*w. List the prime factors of u.
11, 47
Suppose 5*k = -k + 816. Suppose -4*v + k = -504. Suppose 0 = 3*b + 28 - v. What are the prime factors of b?
2, 11
Suppose 31*v - 13775 = 16512. What are the prime factors of v?
977
What are the prime factors of (120/18 + -6)*(-9)/(-2)?
3
List the prime factors of (-6)/(48/(-11768)) - (0 + -2).
3, 491
Let c(h) = h**3 + 20*h**2 + 14*h + 19. Let p be c(-19). Let t = p - 70. List the prime factors of t.
2, 11
What are the prime factors of (1707/4)/((-132)/(-352))?
2, 569
Suppose 21446 + 8974 = 13*z. What are the prime factors of z?
2, 3, 5, 13
Let k(w) = w**3 + 15*w**2 - 27*w - 7. What are the prime factors of k(12)?
3557
Let q = -776 - -1422. What are the prime factors of q?
2, 17, 19
Let k(c) = -2*c + 3. Let s be ((-28)/(-8))/(1/(-2)). What are the prime factors of k(s)?
17
Let l = -43 - -33. Let g(u) = u**2 + 5*u + 9. List the prime factors of g(l).
59
Let x be 3/(-7) - (-33)/(-21). Let r be (-2 + (16 - 0))/x. What are the prime factors of (-6 - r)*(-2 - -4)?
2
Let a = -1169 + 1639. List the prime factors of a.
2, 5, 47
Suppose -190 - 10 = -5*k. Let y = -21 + k. List the prime factors of y.
19
Suppose -13*r = 2236 - 27560. What are the prime factors of r?
2, 487
Suppose -5*s + 7095 = 5*k, k - 20*s + 17*s - 1419 = 0. What are the prime factors of k?
3, 11, 43
Let j = -4 - -6. Let n(c) = -20*c**3 + 19*c**3 + 0 - 8*c**2 + 7 - c - j. What are the prime factors of n(-8)?
13
Let n(g) = 3*g**2 + g + 404. List the prime factors of n(17).
2, 7, 23
Let k = -352 - -1722. What are the prime factors of k?
2, 5, 137
Suppose 1783 = 2*w - 5*y, -3*w + 8*w = 4*y + 4449. List the prime factors of w.
7, 127
Let i = -1291 - -1889. What are the prime factors of i?
2, 13, 23
Let n = -126 - -66. Let k be n/(-1)*2/6. What are the prime factors of k/3*18/15?
2
Let j(f) = f. Let k be j(3). Let u be k - (-1 + 1 - 0). Suppose -r - 68 = -u*r. What are the prime factors of r?
2, 17
Suppose x = -198*d + 197*d + 2239, 3*x - 3*d - 6687 = 0. What are the prime factors of x?
2, 1117
Let q = -93 - -150. Suppose 5*p + q - 227 = 0. List the prime factors of p.
2, 17
Suppose 792*d - 793*d = -1068. List the prime factors of d.
2, 3, 89
Suppose 5*q + 2*o - 3*o = 234, o + 187 = 4*q. What are the prime factors of q?
47
Suppose 3*s + 5*z - 182 = 1188, 4*s = -4*z + 1824. List the prime factors of s.
5, 7, 13
Let t be 1 + 2 + -4 + 5. Suppose -t*x - x = -445. Let i = 133 - x. List the prime factors of i.
2, 11
Let k = -55 - -103. Let q be 1/((1/15)/1). Let a = k - q. List the prime factors of a.
3, 11
Suppose -8 = -2*u + 2. Suppose u*v + 15 = 8*v. Suppose g - 150 = -4*g - 2*d, g = v*d + 57. What are the prime factors of g?
2
Let p = -251 - -663. List the prime factors of p.
2, 103
Suppose -2*w - 94 = 238. Let c = -81 - w. Suppose 2*j = 3*u + c, j - 54 + 16 = -3*u. List the prime factors of j.
41
Let k(n) = -n**3 + 42*n**2 - 276*n - 2. What are the prime factors of k(26)?
2, 17, 107
Let d(v) = v**2 - 7*v - 4. Let j be d(8). Suppose -j*h - 87 + 295 = 0. List the prime factors of h.
2, 13
Suppose 0 = -2*j - 11*j + 182. Let y = j + 22. List the prime factors of y.
2, 3
Suppose -3*k + 7*u = 9*u - 177, -3*k + 4*u = -195. Let a be (-299)/(-3) - 6/9. Let l = a - k. List the prime factors of l.
2, 19
What are the prime factors of 59296/(-85)*10/(-4)?
2, 109
Suppose 4*c - 24 = 24. What are the prime factors of (-3)/(-9) - (-1160)/c?
97
Let j(g) = g**2 + 4*g - 3. Suppose 5*s - 36 = 14. What are the prime factors of j(s)?
137
Suppose 2*h = 3337 + 761. List the prime factors of h.
3, 683
Suppose -193*k + 5115 = -190*k. What are the prime factors of k?
5, 11, 31
Let y(v) = 5*v**2 - 15*v - 1. List the prime factors of y(4).
19
Suppose -8*d + 65 = -7*d. What are the prime factors of 633/5 - (-26)/d?
127
Suppose 0 = 2*v - 103 + 21. Let h = 61 - v. List the prime factors of h.
2, 5
List the prime factors of (-9)/12 - 4268/(-32)*10.
31, 43
Let q(y) = y**2 + 18*y + 137. List the prime factors of q(-35).
2, 3, 61
Let d(s) = 3*s + 26. Let f(r) = -2*r - 14. Let x(m) = 3*d(m) + 5*f(m). Let a = 3 - 1. What are the prime factors of x(a)?
2, 3
Suppose -2*b = -3*a - 218, 196 = -3*a - 3*b - 2. Let i = a + 123. List the prime factors of i.
53
Suppose 3*q = 9, 4*d = -d - 5*q + 25. Suppose p - d*p = -240. Suppose f + 6 = 4*f, 2*f = -4*y + p. What are the prime factors of y?
59
Let w(l) = 8 - 39*l - 14 + 4. What are the prime factors of w(-2)?
2, 19
Suppose 178 = 2*b + 4*m, m - 196 = -2*b + 6*m. List the prime factors of b.
3, 31
Suppose -4*s = -31 - 25. Suppose s*l - 10*l = 236. What are the prime factors of l?
59
Let j = -1507 - -4332. List the prime factors of j.
5, 113
Suppose 0 = -2*n + n - 48. Let w = n - -90. Let q = -22 + w. What are the prime factors of q?
2, 5
Suppose -3*v = -12, 400 = -j + 3*j + 2*v. Let l = j - 62. Suppose -88 = -3*m - x, 2*x + l = 2*m + 2*m. What are the prime factors of m?
31
Let g(s) = -10*s**3 - 4*s**2 - 10*s - 15. List the prime factors of g(-4).
601
Let w be (14/4)/(2/4). Suppose 2*y - w*y = -165. List the prime factors of y.
3, 11
Let c(v) = v**3 - 4*v**2 + 7*v + 19. List the prime factors of c(9).
487
Let i be -1 + (-12)/(-8)*2/1. Suppose 5*x + i*d = 182, d = -x - 18 + 52. What are the prime factors of x?
2, 19
Let c(b) = b**2 - 1